)?
0
Evaluate -6 - (-14 + (2 - 0)).
6
What is the value of (-17 - -20 - (-1 + -5)) + -5?
4
Evaluate (-4 - -10) + (1 - (19 - 3)).
-9
Calculate 0 + -4 + 6 + -4.
-2
Evaluate 1 + -5 - (-6 - 2 - 0).
4
-4 - (-14 - -4) - 4
2
Evaluate 1 + 2 - (3 - (-10 - -13)).
3
Calculate (4 - 4) + 3 + 1.
4
Calculate (3 - 5) + 7 - 6.
-1
Calculate 1 + -9 + -3 + 10.
-1
What is the value of 11 - (5 + -1) - 0 - 4?
3
What is the value of 9 - 2 - (50 + -50)?
7
Evaluate -7 + 0 + -13 + 24.
4
What is -69 + 67 + (0 - 2)?
-4
-4 - (-5 - (5 - (1 - 3)))
8
What is 2 + 3 - 13 - -5?
-3
Evaluate 4 + 7 + (-5 - 3).
3
Evaluate -2 - (0 - (-1 + -2 + 5)).
0
Evaluate 2 + (-15 - -7) - 0.
-6
-1 - -5 - (-1 + 3)
2
What is (3 - -1) + -4 - 2 - -1?
-1
What is 31 - 34 - (3 - -1)?
-7
Evaluate (8 - -2) + -14 - (-9 + 0).
5
Evaluate 2 + (1 - -2 - 3).
2
Calculate 1 - 1 - (-5 + -2) - 3.
4
Evaluate -7 + -1 - (-4 - -1).
-5
4 - (-3 + 1 + 2)
4
Calculate 9 - 1 - 11 - -5.
2
Evaluate -5 + (2 + -11 - -8).
-6
Evaluate 0 - ((-1 - 5) + 3 - 8).
11
What is 8 + -5 + -1 + 3?
5
What is the value of (11 - 7 - 3) + 0 + -3?
-2
-8 + 13 + (-7 - 1 - -1)
-2
2 - (1 - 1) - 0
2
What is -6 - -3 - (-2 + -2 + 0)?
1
Calculate 14 + -8 + (3 - 3).
6
What is the value of 10 + 0 - (17 - 2)?
-5
What is 0 + 1 + (-3 - -2)?
0
Evaluate ((-3 - 1) + -2 - -3) + 2.
-1
What is -8 - (6 + -4 + (-3 - 4))?
-3
Calculate (7 + 0 - 10) + -3.
-6
Calculate 0 + -2 + -1 + -1 + 4.
0
Evaluate -97 + 95 - (0 - 1 - -1).
-2
What is the value of 1 + 3 + -15 + 9 + 1?
-1
Evaluate 4 - 0 - (-3 + 2).
5
What is the value of 1 + -2 + -9 - (-7 - -2)?
-5
Calculate 3 + -7 + (6 - 6) + -1.
-5
Calculate (-11 - -9) + -8 + 5.
-5
Calculate 0 + 4 + -5 + 2 + -1.
0
What is the value of -26 - -36 - (-1 + 8)?
3
2 + -4 + -3 + 3 + 3
1
What is the value of (12 - 12) + 9 + -9?
0
What is the value of -2 + -4 + 4 + 6 - 10?
-6
Calculate -10 - (-7 - -1) - -7.
3
(-3 + -13 - -5) + 7
-4
What is -1 + (-1 + -3 - -4)?
-1
35 + -12 + -17 - (6 + -1)
1
What is (-1 - -4) + 1 - 1?
3
2 + (-4 - (-9 - -4)) + 2
5
Evaluate -5 + (5 + -5 - -5).
0
-2 - (-7 + -1 + (-2 - -6))
2
Calculate 22 + -24 + 1 + 1 + 0.
0
What is 0 + (-1 - -2) - (-36 + 33)?
4
What is the value of -3 - (-1 - (8 - 3))?
3
Calculate (2 - (3 + -4) - 9) + 1.
-5
Calculate 4 - (5 + 2 - 3).
0
What is -5 - (1 + 0) - (22 + -24)?
-4
What is the value of 6 + (0 - (-8 - (3 + -20)))?
-3
What is -10 + 2 - ((-1 - -5) + -9)?
-3
4 - (6 - 3) - (2 + 0)
-1
Calculate -2 + 2 + 1 + -3 + 0.
-2
Calculate -3 + 0 + (-2 - -2) + -3.
-6
-7 + -2 + (3 - -1)
-5
11 + -11 + 2 + -9
-7
Evaluate -7 - -2 - (-2 + -4) - 0.
1
Evaluate 5 - (1 + 2 - -1).
1
0 + -3 + -3 - -4
-2
-3 + 5 + 0 + -7
-5
Calculate (20 - (-16 + 38)) + (5 - 1).
2
Evaluate -1 + 3 - (0 - -1).
1
Calculate -1 + 2 + (7 - -2) + -3.
7
Evaluate 1 + -1 - (-13 + 11).
2
-8 - -4 - (1 + -7 + 7)
-5
Evaluate -2 + (-14 + 2 - -9).
-5
Evaluate (-3 - (6 - (2 + 2))) + 11.
6
What is (-2 + (-2 - -7) - 3) + -3?
-3
Calculate -2 - ((3 - 0) + (1 - 5)).
-1
Calculate -14 + 13 + (1 - (-1 + 1)).
0
Evaluate 10 - (-6 - -6) - 12.
-2
Evaluate (-323 - -315) + (-1 - (-16 - -1)).
6
What is (3 - (8 + -6)) + 1?
2
0 + 1 + (-9 - -7) + 4
3
Evaluate -5 - (-11 + 1 + 5 + -6).
6
Calculate 4 + (2 - 1) + -4 + 0.
1
Calculate -125 + 113 - (2 - (6 + -1)).
-9
What is the value of -5 - (-2 + -4 + 5)?
-4
What is the value of 6 - (-3 + -4 + 14)?
-1
1 + 2 + (3 - 2)
4
Calculate 7 + -13 - (5 + -16).
5
What is the value of -10 - (-3 + (2 - 6))?
-3
Calculate (0 - 7) + 15 + -10.
-2
What is the value of (4 - 2) + (4 - 9) - -2?
-1
Calculate (-4 - -1) + 5 + -1 + 1.
2
Calculate -2 + -15 + (5 - -5).
-7
Calculate 2 + (-5 - (5 + -4)) + 2.
-2
What is the value of -1 + -9 + 3 + 5?
-2
What is the value of (2 + -2 - 2) + (-4 - -5)?
-1
-4 - (-7 + 2 - 2)
3
Evaluate 8 + -4 - 0 - 4 - -5.
5
Calculate (1 - 1) + (3 + -10 - -5).
-2
Evaluate 20 + -26 - (-3 + 3 + -2).
-4
Evaluate -1 - 2 - (5 + -3).
-5
What is the value of 7 + -6 + 1 - (-3 - 0)?
5
What is -8 - (-4 - 3) - 1?
-2
What is the value of -13 - ((-2 - 9) + 3)?
-5
What is (-8 - (-2 - 5)) + 6?
5
What is 6 + 5 + -5 + -1?
5
Calculate (-1 - 6) + -54 + 68.
7
(17 - 11) + 4 + -5
5
What is (4 + -4 + -1 - -1) + 4?
4
3 + -4 + 2 - (99 + -92)
-6
Calculate (-5 - -11) + 2 + -4 + 2.
6
38 + -29 + 1 + 1
11
Evaluate 4 + 0 + 1 + -2.
3
What is (3 - -6 - 4) + 1?
6
What is the value of 4 + (3 - 1) + -7?
-1
Calculate (-13 - -15) + 8 - 19.
-9
Evaluate (-7 - 0 - 1) + 4.
-4
What is the value of 6 + 2 + (-5 - 10 - -10)?
3
3 + -2 + 2 - 6
-3
What is -4 + (3 - (3 + -1)) - -4?
1
4 - (-1 - -1 - 4 - -3)
5
Evaluate 4 - 10 - (-8 + 6 - 6).
2
-5 - (5 - 2) - -4
-4
Calculate -4 - (-4 + (-3 - -8)).
-5
Evaluate (14 - 10) + (-1 - 0) + 1.
4
Evaluate -4 + 4 + 4 - (-1 - -1).
4
What is the value of -2 + 7 - 0 - 0?
5
Evaluate 8 + (1 - 2 - 7).
0
Calculate (-19 - -17) + -2 + 0 - -2.
-2
What is the value of 12 + (9 - 5 - 9)?
7
What is the value of 0 + 2 + (-5 - (4 - 8))?
1
What is -3 + 0 + (-2 - (-2 + 2))?
-5
What is the value of 2 - ((7 - (0 - -2)) + 2)?
-5
What is (1 - -2 - 2) + 1 + -5?
-3
3 + 3 - 0 - 12
-6
(-5 - -4) + (6 + 1 - -1)
7
Calculate 11 + (-3 - (4 - 3)) + -5.
2
What is the value of 54 + -46 + -2 + -1?
5
What is the value of -6 - (-4 - -5) - -2?
-5
(5 - 4) + -3 + (2 - 1)
-1
-10 + -6 + 7 + -1 + 6
-4
What is the value of 1 - (-2 - -5) - -3?
1
What is the value of 6 + -2 + (-1 - -4) - 3?
4
Calculate 6 + (-1 - 2 - -3 - -2).
8
What is (-1 - -10) + -34 + 29 + -7?
-3
(-4 - -8) + -9 + 5
0
Calculate -4 + (-7 - (-21 - -7)).
3
What is -6 - (-4 - ((-2 - 1) + 2))?
-3
7 + -13 - (2 - (13 + 1))
6
Calculate (1 - -10) + -4 + -9 + 8.
6
0 + (-1 - -2 - 2) + 0
-1
What is the value of -1 + 2 - (11 - 6)?
-4
Evaluate 8 - (-2 - -10 - 4).
4
11 - (-5 - -8) - 14
-6
0 - (-5 + -2 + 3)
4
What is -5 + 4 - (-3 + 1 - -1)?
0
1 + 3 + (-3 - 2) - -5
4
Evaluate (-8 - (0 + -7)) + -5.
-6
Evaluate 2 - (-2 + -2) - (-11 - -13).
4
What is -11 - (-9 - (5 + -7))?
-4
Calculate 51 - 56 - (3 + (0 - 0)).
-8
-1 + -5 + -1 + 4
-3
What is (3 - (-6 + 5)) + (-8 - -1)?
-3
5 + 9 - 7 - 4
3
Calculate 0 - 1 - (16 + -6 - 14).
3
What is 4 + -5 - (-3 + 1 + 0)?
1
Evaluate 10 - (4 - 1 - -2).
5
What is the value of 0 + (2 - -5 - 1)?
6
What is -3 - -2 - -9 - 15?
-7
1 - (-7 + 7 - -2 - 4)
3
What is the value of -9 - 0 - (-64 - -57)?
-2
What is -1 - (2 + -5) - (-9 + 12)?
-1
What is the value of 0 + 4 - (1 - (-2 + -1))?
0
What is the value of (-5 + 3 - (0 + 2)) + 2?
-2
-6 + -3 + 5 - -2
-2
Evaluate (-4 - -20) + -8 + (-7 - -1).
2
What is the value of (-4 - -1) + -2 + (4 - -1)?
0
-4 - (-1 + -5 + -1)
3
(7 - (3 - 0)) + -6
-2
What is the value of 6 - (-1 - -9 - 5)?
3
Evaluate 4 + -7 - -1 - (-3 - 2).
3
Calculate -69 + 70 - (2 - -11 - 2).
-10
Calculate (2 - 16 - -15) + 0.
1
Calculate -1 + -2 - ((2 - 2) + -1).
-2
What is the value of -3 - (0 + (2 + -6 - -4))?
-3
What is the value of -6 + -2 + 9 + 9?
10
Evaluate -3 + 7 - 6 - -3.
1
What is -32 + 43 - ((1 - -1) + 4)?
5
-13 + (-3 - -12) - -2
-2
Calculate 6 + 4 + (0 - 2).
8
Calculate (-1 - 2 - -1) + 5.
3
Calculate (3 - (11 + 1)) + 5.
-4
-1 + 4 - (-24 - -22)
5
Evaluate 4 + (2 + 3 - 5).
4
Calculate -2 - (5 + -3) - (-3 + 3).
-4
0 + (2 - (4 + -3))
1
Calculate -6 + -1 + 9 + -3.
-1
What is -1 + 4 + -12 + -1 + 7?
-3
What is -7 + (1 - 0) - (12 - 8)?
-10
What is the value of 4 + 1 - (8 - 2 - 6)?
5
What is the value of (2 - -6) + -2 + 2 + -6?
2
-8 - (-4 - 0) - -5
1
Calculate 3 - (-1 - -1) - (-33 - -33).
3
Evaluate 0 - (-1 - -5) - (-6 - 2).
4
2 + -3 + 0 - -2
1
What is the value of 8 + -8 + 7 + -7?
0
Evaluate 2 + 0 + -1 + 4 + -7.
-2
Evaluate 3 + 1 - ((1 - 4) + 7).
0
What is 17 - (7 + 3) - 8?
-1
-10 + 5 + -1 + -2
-8
Calculate 18 + -11 + 2 + -4.
5
Calculate (-5 - (-4 - 3)) + 1.
3
What is the value of -2 - (12 + -1 + -6 - 5)?
-2
Evaluate 8 + -4 + -1 - 9.
-6
Evaluate 0 - (-1 + 0) - (-153 - -151).
3
Evaluate (-2 - (-9 - (4 - 4))) + -4.
3
-5 + 5 + (1 - (0 + -3))
4
Evaluate 2 + -10 - -21 - (0 + 3).
10
What is the value of 5 + -6 - 5 - (-6 + 3)?
-3
-3 + (21 - 7) - 9
2
0 + -4 + -2 + 5
-1
4 + (6 + -3 - 5)
2
Evaluate -1 + -2 - (6 - 6).
-3
What is -1 - (4 + -2 - 2) - 4?
-5
What is the value of 0 + 14 - 3 - (-18 + 21)?
8
3 - (3 + 5 + 2 - 3)
-4
What is the value of -18 + (-10 - -26) + 0 + 3?
1
What is (23 - 29 - (-1 - 4)) + 0?
-1
Calculate (4 + -3 - -5) + -8 - -8.
6
Calculate -4 + (4 - (3 - -1)) - -1.
-3
Calculate 0 + -1 + 4 + 0 + -3.
0
